1146 (base 8) to base 13.
-166aa9
736263 (base 8) to base 10
244915
What is -2178284 (base 10) in base 6?
-114404352
What is -5514311 (base 9) in base 5?
-1224242210
What is 90a9 (base 11) in base 7?
50162
1001100011000111101100 (base 2) to base 7
30163544
What is -10010010101000011 (base 2) in base 13?
-28230
Convert 10478 (base 15) to base 4.
30212312
2102120202110 (base 3) to base 6
43400150
Convert -2134120203 (base 5) to base 7.
-54040524
What is 529857 (base 10) in base 12?
216769
Convert 4e55d (base 15) to base 6.
5213511
1011011101110110100001 (base 2) to base 12
100b601
-47b2b (base 13) to base 8
-400677
Convert 21860003 (base 9) to base 8.
50360764
Convert -11342141323 (base 5) to base 4.
-302200132111
Convert -1240041220 (base 5) to base 13.
-82a097
1110001111000 (base 2) to base 3
100222221
What is -a6bb8 (base 12) in base 4?
-311210330
Convert 10000110010110100011 (base 2) to base 8.
2062643
Convert 23211003213 (base 4) to base 12.
10246b3
-1b75ab5 (base 12) to base 11
-3355676
What is 9a3b98 (base 12) in base 13?
67bb18
What is 3420044023 (base 5) in base 4?
130322313102
Convert 3400032421 (base 5) to base 16.
71486f
Convert 2455440 (base 6) to base 8.
402060
What is 4113443121 (base 5) in base 16?
7f4ff0
Convert 15993 (base 16) to base 13.
31362
620642 (base 7) to base 12
513a8
What is 378592 (base 13) in base 5?
320113341
Convert -1a1e0 (base 16) to base 9.
-172662
-127a76 (base 12) to base 14
-7ca94
What is 3400254 (base 6) in base 10?
171178
-688235 (base 11) to base 8
-4131332
-6a108 (base 11) to base 7
-601202
Convert -2002300 (base 5) to base 15.
-9550
Convert -12214461 (base 8) to base 11.
-157a679
Convert 2832784 (base 9) to base 3.
2221002212211
What is -5169 (base 11) in base 10?
-6851
Convert -7335302 (base 10) to base 2.
-11011111110110110000110
What is -b6124 (base 16) in base 2?
-10110110000100100100
-17171a1 (base 12) to base 7
-55316122
What is -166527 (base 15) in base 9?
-2032631
What is 128ad (base 16) in base 13?
28753
What is 172106 (base 14) in base 16?
c658a
-45726152 (base 8) to base 14
-146a694
What is 48481 (base 12) in base 16?
17ca1
-452103223 (base 6) to base 8
-37266477
2212114 (base 6) to base 13
3b488
-31231400 (base 6) to base 9
-1631140
4041364 (base 8) to base 6
34501512
Convert -734074 (base 9) to base 8.
-1523451
Convert d6b1 (base 15) to base 3.
2022021011
111020022102012 (base 3) to base 10
7032965
102022102100012 (base 3) to base 6
332503222
What is 12640032 (base 9) in base 3?
102201100001002
What is -34413232 (base 5) in base 6?
-10353122
-40542260 (base 7) to base 5
-1331414022
417630 (base 8) to base 9
231802
-27226 (base 15) to base 6
-2404213
Convert -3723227 (base 8) to base 12.
-41569b
What is 12122010222 (base 3) in base 10?
110915
Convert -aa9d4 (base 14) to base 12.
-17b3a6
Convert -22116663 (base 7) to base 8.
-7206565
What is -32220331221 (base 4) in base 9?
-7188423
What is 512602 (base 9) in base 7?
2403401
4a38a (base 11) to base 15
16675
353675 (base 10) to base 12
15080b
Convert -110010100000111010 (base 2) to base 8.
-624072
What is 1024046 (base 8) in base 16?
42826
What is 541281 (base 15) in base 12?
14108a1
What is -10646262 (base 7) in base 14?
-1a5269
Convert 1110010111110010 (base 2) to base 8.
162762
-15594 (base 16) to base 12
-42730
What is -114627 (base 10) in base 11?
-79137
-1620624 (base 7) to base 4
-312211311
What is -13242115 (base 6) in base 14?
-b6a87
What is -192963 (base 10) in base 12?
-93803
Convert 119af (base 16) to base 7.
420144
What is -183551 (base 10) in base 11?
-1159a5
Convert -203322322 (base 6) to base 12.
-12203a2
What is -1140230313 (base 5) in base 7?
-31435046
Convert -24ca56 (base 14) to base 16.
-134a94
What is -3000112033 (base 4) in base 10?
-787855
20201101122210 (base 3) to base 10
3570393
110011011110001111101110 (base 2) to base 16
cde3ee
-1101001111101110011 (base 2) to base 7
-3455260
-8385 (base 12) to base 9
-21622
What is 365821 (base 13) in base 12?
526b21
Convert -997316 (base 12) to base 4.
-21103120002
Convert -433302322 (base 5) to base 16.
-1c4816
603a2 (base 14) to base 13
81328
What is -1146100 (base 7) in base 10?
-146167
-166b9b (base 12) to base 5
-44312234
Convert 18a9250 (base 14) to base 7.
206023230
What is -1030104420 (base 6) in base 15?
-e5c650
What is -111000010111100110 (base 2) in base 13?
-81126
564082 (base 9) to base 7
2604155
Convert -3037ba (base 13) to base 16.
-111e0e
What is 120220223 (base 4) in base 7?
600122
381175 (base 11) to base 5
123224230
What is 1063447 (base 8) in base 5?
33213201
What is -13251004 (base 7) in base 12?
-4ab534
16873 (base 10) to base 7
100123
What is -265ba7 (base 15) in base 14?
-35d3dd
Convert 135270 (base 11) to base 12.
a27a4
Convert 13331244 (base 5) to base 13.
4a151
Convert 1442434344 (base 5) to base 11.
2206946
Convert 32128 (base 9) to base 14.
7a5a
3461555 (base 7) to base 12
18ba35
-5615037 (base 8) to base 4
-11301220133
1023110212 (base 4) to base 2
1001011010100100110
Convert -2022121010212 (base 3) to base 12.
-4b5042
-61fed (base 16) to base 5
-100321024
Convert -3001112 (base 8) to base 5.
-200141033
Convert 61099a5 (base 11) to base 8.
51154620
Convert -10033341103 (base 5) to base 11.
-5750448
Convert 8956b (base 12) to base 6.
3523415
1452561 (base 7) to base 13
6c099
What is 1003634 (base 9) in base 6?
15240521
-324347 (base 8) to base 13
-3a684
Convert 201150432 (base 6) to base 3.
20102202210002
Convert -d52d4 (base 14) to base 15.
-a2321
43789 (base 12) to base 13
31809
What is -d82c (base 14) in base 9?
-56122
What is -244b8 (base 13) in base 5?
-4113422
Convert 56c55b (base 14) to base 16.
2d1185
What is 4356135 (base 9) in base 14?
44cbb5
Convert 10111001111111010011010 (base 2) to base 15.
805b95
-3b31b (base 13) to base 14
-2c325
10013022002 (base 4) to base 7
12106352
What is 497149 (base 11) in base 2?
10111111110000111000
Convert -305709 (base 15) to base 16.
-230b08
What is 102501125 (base 6) in base 3?
10102001200222
2350453 (base 11) to base 4
33220332312
53441245 (base 8) to base 12
39a8b99
What is 5651342 (base 8) in base 15?
202d81
What is -66a18 (base 11) in base 12?
-48205
Convert -34305055 (base 6) to base 12.
-42818b
12a37b (base 12) to base 3
120122122112
What is -7774b (base 14) in base 16?
-46b17
What is -1101000010100000111 (base 2) in base 4?
-1220110013
Convert -10101111101111011101 (base 2) to base 8.
-2575735
What is -203421343 (base 5) in base 15?
-11979d
101120021011020 (base 3) to base 10
5614872
What is -1121112222 (base 3) in base 13?
-115b5
Convert 1324011 (base 6) to base 2.
10001111011100111
-e5ff (base 16) to base 6
-1132331
What is 1102555 (base 8) in base 10?
296301
d0baa (base 15) to base 2
10100001010100011000
What is 1032531213 (base 6) in base 4?
222022230321
Convert -1100100111001100 (base 2) to base 15.
-10490
Convert -23161 (base 11) to base 9.
-50811
What is -220310 (base 14) in base 12?
-477362
Convert -95790 (base 13) to base 7.
-2201142
What is 53723 (base 11) in base 8?
230366
What is -5041b7 (base 12) in base 11?
-785186
What is 26060066 (base 7) in base 15?
31b6de
-212021220222112 (base 3) to base 11
-6a956a0
201110112102111 (base 3) to base 11
592573a
Convert 220020001012 (base 3) to base 8.
1643176
What is -6db217 (base 14) in base 7?
-43635130
What is e4a3e (base 15) in base 8?
2607117
What is -3211331010 (base 4) in base 2?
-11100101111101000100
Convert 28f04 (base 16) to base 8.
507404
-ca9af (base 16) to base 13
-230963
Convert 103b0 (base 15) to base 5.
3121330
Convert -4342334 (base 5) to base 7.
-430561
Convert -5b3c5e (base 15) to base 3.
-22012211221022
-374637 (base 10) to base 7
-3120144
What is -1121563 (base 8) in base 7?
-2404155
138902 (base 14) to base 15
d57e5
What is 1111110000110111101 (base 2) in base 3?
222020120011
What is -111100111010110100 (base 2) in base 12?
-100498
-111100001100000000 (base 2) to base 15
-4d0a3
Convert 12c74 (base 15) to base 6.
1142344
Convert 57188 (base 9) to base 12.
1a045
Convert 26705c (base 14) to base 7.
14160145
100100100001111101100 (base 2) to base 6
41353500
Convert 50007 (base 10) to base 15.
ec3c
Convert -1220016 (base 7) to base 10.
-156078
-1011112011001 (base 3) to base 16
-977c8
-100001111101101100011 (base 2) to base 5
-